{"id":17,"date":"2011-07-04T09:40:46","date_gmt":"2011-07-04T09:40:46","guid":{"rendered":"http:\/\/buuck.net\/?page_id=17"},"modified":"2020-08-25T14:43:58","modified_gmt":"2020-08-25T14:43:58","slug":"meine-projekte","status":"publish","type":"page","link":"https:\/\/www.buuck.net\/?page_id=17","title":{"rendered":"Meine Projekte"},"content":{"rendered":"<h1>Programmierungen:<\/h1>\n<p>Name: Inventar Project<\/p>\n<p>Adresse: <a href=\"http:\/\/www.Buuck.NET\/inventar-project\/index.php\" target=\"_blank\" rel=\"noopener noreferrer\">http:\/\/www.Buuck.NET\/inventar-project\/<\/a><\/p>\n<p>Login f\u00fcr das Testsystem:<\/p>\n<p>Name: inventar<\/p>\n<p>Passwort: inventar<\/p>\n<p>Beschreibung: UMBAU! <em>Dieses, von mir entwickelte System, welches auf PHP5 &amp; MySQL aufbaut, macht es m\u00f6glich den Datenbestand von mehreren Seminar- oder Schulungsr\u00e4umen zu erfassen, sowie Mikrofonfrequenzen und Beamerlampenzeiten einzutragen und auszuwerten. Um die Kostenfaktoren eines solchen Raumes zu erfassen, gibt es eine Abschreibungstabelle nach Jahren und Monaten.<\/em><\/p>\n<h1><strong>Websites:<\/strong><\/h1>\n<p>Name: United Warriors Gaming<\/p>\n<p>Adresse: <a href=\"http:\/\/www.uw-gaming.de\/\" target=\"_blank\" rel=\"noopener noreferrer\">http:\/\/www.UW-Gaming.de<\/a><\/p>\n<p>Beschreibung: <em>Mein bisher l\u00e4ngstes aktives Projekt. Der Multigaming Clan United Warriors. Das verwendete CMS System f\u00fcr die Webseite wurde immer wieder gewechselt. Iilch. Derzeit betreiben wir einige Gameserver und einen Voiceserver: Teamspeak 3<br \/>\n<\/em><\/p>\n<p>Name: Das Fallout Online Portal<\/p>\n<p>Adresse: <a href=\"http:\/\/www.falloutonline-portal.de\/\" target=\"_blank\" rel=\"noopener noreferrer\">http:\/\/www.FalloutOnline-Portal.de<\/a><\/p>\n<p>Beschreibung: UMBAU!\u00a0<em>Mein viertes Webseite Projekt \u00fcber das angek\u00fcndigte Fallout Online. Das verwendete CMS System f\u00fcr diese Webseite ist Joomla. Erstellung: 27.01.2011.<br \/>\n<\/em><\/p>\n<p>Name: MineTheory<\/p>\n<p>Adresse: <a title=\"MineTheory - Build your Dreams\" href=\"http:\/\/www.minetheory.de\/\" target=\"_blank\" rel=\"noopener noreferrer\">http:\/\/www.MineTheory.de<\/a><\/p>\n<p>Beschreibung: UMBAU!\u00a0<em>Diese Webseite entstand f\u00fcr ein gro\u00dfes Bauprojekt f\u00fcr das Spiel Minecraft. Das CMS System der Webseite ist das Woltlab Burning Board. Erstellung im Jahre 2011. Derzeit pausiert das Projekt.<br \/>\n<\/em><\/p>\n<p>Name: CnC Experience<\/p>\n<p>Adresse: <a href=\"https:\/\/www.buuck.net\/alte-projekte\/cnc-xp\/index.php\" target=\"_blank\" rel=\"noopener noreferrer\">https:\/\/www.buuck.net\/alte-projekte\/cnc-xp\/index.php<\/a><\/p>\n<p>Beschreibung: <em>Mein zweites Projekt. Eine Webseite \u00fcber Command &amp; Conquer Renegade. Entworfen wurde auch diese Webseite in einem einfachen HTML mit PHP und MySQl. Erste Erscheinung der Webseite 04.08.2004. Nicht mehr aktuell.<br \/>\n<\/em><\/p>\n<p>Name: Kam TPR Projekt<\/p>\n<p>Adresse: <a href=\"https:\/\/www.buuck.net\/alte-projekte\/kam\/index.php\" target=\"_blank\" rel=\"noopener noreferrer\">http:\/\/www.buuck.net\/alte-projekte\/kam\/index.php<\/a><\/p>\n<p>Beschreibung: <em>Meine erste Webseite \u00fcber Knights and Merchants. Entwurfen im einfachen HTML in Zusammenarbeit mit einem Freund. Entworfen um das Jahr 2000. Nicht mehr aktuell.<\/em><\/p>\n","protected":false},"excerpt":{"rendered":"<p>Programmierungen: Name: Inventar Project Adresse: http:\/\/www.Buuck.NET\/inventar-project\/ Login f\u00fcr das Testsystem: Name: inventar Passwort: inventar Beschreibung: UMBAU! Dieses, von mir entwickelte System, welches auf PHP5 &amp; MySQL aufbaut, macht es m\u00f6glich den Datenbestand von mehreren Seminar- oder Schulungsr\u00e4umen zu erfassen, sowie Mikrofonfrequenzen und Beamerlampenzeiten einzutragen und auszuwerten. Um die Kostenfaktoren eines solchen Raumes zu erfassen, gibt&#8230;<a href=\"https:\/\/www.buuck.net\/?page_id=17\">&raquo;<\/a><\/p>\n","protected":false},"author":1,"featured_media":0,"parent":0,"menu_order":0,"comment_status":"open","ping_status":"open","template":"","meta":{"footnotes":""},"class_list":["post-17","page","type-page","status-publish","hentry"],"yoast_head":"<!-- This site is optimized with the Yoast SEO plugin v25.7 - https:\/\/yoast.com\/wordpress\/plugins\/seo\/ -->\n<title>Meine Projekte &#8212; Buuck.net<\/title>\n<meta name=\"robots\" content=\"index, follow, max-snippet:-1, max-image-preview:large, max-video-preview:-1\" \/>\n<link rel=\"canonical\" href=\"https:\/\/www.buuck.net\/?page_id=17\" \/>\n<meta property=\"og:locale\" content=\"de_DE\" \/>\n<meta property=\"og:type\" content=\"article\" \/>\n<meta property=\"og:title\" content=\"Meine Projekte &#8212; Buuck.net\" \/>\n<meta property=\"og:description\" content=\"Programmierungen: Name: Inventar Project Adresse: http:\/\/www.Buuck.NET\/inventar-project\/ Login f\u00fcr das Testsystem: Name: inventar Passwort: inventar Beschreibung: UMBAU! Dieses, von mir entwickelte System, welches auf PHP5 &amp; MySQL aufbaut, macht es m\u00f6glich den Datenbestand von mehreren Seminar- oder Schulungsr\u00e4umen zu erfassen, sowie Mikrofonfrequenzen und Beamerlampenzeiten einzutragen und auszuwerten. Um die Kostenfaktoren eines solchen Raumes zu erfassen, gibt...&raquo;\" \/>\n<meta property=\"og:url\" content=\"https:\/\/www.buuck.net\/?page_id=17\" \/>\n<meta property=\"og:site_name\" content=\"Buuck.net\" \/>\n<meta property=\"article:modified_time\" content=\"2020-08-25T14:43:58+00:00\" \/>\n<meta name=\"twitter:card\" content=\"summary_large_image\" \/>\n<meta name=\"twitter:label1\" content=\"Gesch\u00e4tzte Lesezeit\" \/>\n\t<meta name=\"twitter:data1\" content=\"1\u00a0Minute\" \/>\n<script type=\"application\/ld+json\" class=\"yoast-schema-graph\">{\"@context\":\"https:\/\/schema.org\",\"@graph\":[{\"@type\":\"WebPage\",\"@id\":\"https:\/\/www.buuck.net\/?page_id=17\",\"url\":\"https:\/\/www.buuck.net\/?page_id=17\",\"name\":\"Meine Projekte &#8212; Buuck.net\",\"isPartOf\":{\"@id\":\"https:\/\/www.buuck.net\/#website\"},\"datePublished\":\"2011-07-04T09:40:46+00:00\",\"dateModified\":\"2020-08-25T14:43:58+00:00\",\"breadcrumb\":{\"@id\":\"https:\/\/www.buuck.net\/?page_id=17#breadcrumb\"},\"inLanguage\":\"de\",\"potentialAction\":[{\"@type\":\"ReadAction\",\"target\":[\"https:\/\/www.buuck.net\/?page_id=17\"]}]},{\"@type\":\"BreadcrumbList\",\"@id\":\"https:\/\/www.buuck.net\/?page_id=17#breadcrumb\",\"itemListElement\":[{\"@type\":\"ListItem\",\"position\":1,\"name\":\"Startseite\",\"item\":\"https:\/\/www.buuck.net\/\"},{\"@type\":\"ListItem\",\"position\":2,\"name\":\"Meine Projekte\"}]},{\"@type\":\"WebSite\",\"@id\":\"https:\/\/www.buuck.net\/#website\",\"url\":\"https:\/\/www.buuck.net\/\",\"name\":\"Buuck.net\",\"description\":\"Selbstportr\u00e4t von Bj\u00f6rn Buuck\",\"publisher\":{\"@id\":\"https:\/\/www.buuck.net\/#\/schema\/person\/cacbb678b030c54d74a88753eaba4edf\"},\"potentialAction\":[{\"@type\":\"SearchAction\",\"target\":{\"@type\":\"EntryPoint\",\"urlTemplate\":\"https:\/\/www.buuck.net\/?s={search_term_string}\"},\"query-input\":{\"@type\":\"PropertyValueSpecification\",\"valueRequired\":true,\"valueName\":\"search_term_string\"}}],\"inLanguage\":\"de\"},{\"@type\":[\"Person\",\"Organization\"],\"@id\":\"https:\/\/www.buuck.net\/#\/schema\/person\/cacbb678b030c54d74a88753eaba4edf\",\"name\":\"Bjoern\",\"image\":{\"@type\":\"ImageObject\",\"inLanguage\":\"de\",\"@id\":\"https:\/\/www.buuck.net\/#\/schema\/person\/image\/\",\"url\":\"https:\/\/secure.gravatar.com\/avatar\/72164952cb49b7d23f3b123abf7e379853183505e4e05b69d66c90aaeec841c1?s=96&d=mm&r=g\",\"contentUrl\":\"https:\/\/secure.gravatar.com\/avatar\/72164952cb49b7d23f3b123abf7e379853183505e4e05b69d66c90aaeec841c1?s=96&d=mm&r=g\",\"caption\":\"Bjoern\"},\"logo\":{\"@id\":\"https:\/\/www.buuck.net\/#\/schema\/person\/image\/\"}}]}<\/script>\n<!-- \/ Yoast SEO plugin. -->","yoast_head_json":{"title":"Meine Projekte &#8212; Buuck.net","robots":{"index":"index","follow":"follow","max-snippet":"max-snippet:-1","max-image-preview":"max-image-preview:large","max-video-preview":"max-video-preview:-1"},"canonical":"https:\/\/www.buuck.net\/?page_id=17","og_locale":"de_DE","og_type":"article","og_title":"Meine Projekte &#8212; Buuck.net","og_description":"Programmierungen: Name: Inventar Project Adresse: http:\/\/www.Buuck.NET\/inventar-project\/ Login f\u00fcr das Testsystem: Name: inventar Passwort: inventar Beschreibung: UMBAU! Dieses, von mir entwickelte System, welches auf PHP5 &amp; MySQL aufbaut, macht es m\u00f6glich den Datenbestand von mehreren Seminar- oder Schulungsr\u00e4umen zu erfassen, sowie Mikrofonfrequenzen und Beamerlampenzeiten einzutragen und auszuwerten. Um die Kostenfaktoren eines solchen Raumes zu erfassen, gibt...&raquo;","og_url":"https:\/\/www.buuck.net\/?page_id=17","og_site_name":"Buuck.net","article_modified_time":"2020-08-25T14:43:58+00:00","twitter_card":"summary_large_image","twitter_misc":{"Gesch\u00e4tzte Lesezeit":"1\u00a0Minute"},"schema":{"@context":"https:\/\/schema.org","@graph":[{"@type":"WebPage","@id":"https:\/\/www.buuck.net\/?page_id=17","url":"https:\/\/www.buuck.net\/?page_id=17","name":"Meine Projekte &#8212; Buuck.net","isPartOf":{"@id":"https:\/\/www.buuck.net\/#website"},"datePublished":"2011-07-04T09:40:46+00:00","dateModified":"2020-08-25T14:43:58+00:00","breadcrumb":{"@id":"https:\/\/www.buuck.net\/?page_id=17#breadcrumb"},"inLanguage":"de","potentialAction":[{"@type":"ReadAction","target":["https:\/\/www.buuck.net\/?page_id=17"]}]},{"@type":"BreadcrumbList","@id":"https:\/\/www.buuck.net\/?page_id=17#breadcrumb","itemListElement":[{"@type":"ListItem","position":1,"name":"Startseite","item":"https:\/\/www.buuck.net\/"},{"@type":"ListItem","position":2,"name":"Meine Projekte"}]},{"@type":"WebSite","@id":"https:\/\/www.buuck.net\/#website","url":"https:\/\/www.buuck.net\/","name":"Buuck.net","description":"Selbstportr\u00e4t von Bj\u00f6rn Buuck","publisher":{"@id":"https:\/\/www.buuck.net\/#\/schema\/person\/cacbb678b030c54d74a88753eaba4edf"},"potentialAction":[{"@type":"SearchAction","target":{"@type":"EntryPoint","urlTemplate":"https:\/\/www.buuck.net\/?s={search_term_string}"},"query-input":{"@type":"PropertyValueSpecification","valueRequired":true,"valueName":"search_term_string"}}],"inLanguage":"de"},{"@type":["Person","Organization"],"@id":"https:\/\/www.buuck.net\/#\/schema\/person\/cacbb678b030c54d74a88753eaba4edf","name":"Bjoern","image":{"@type":"ImageObject","inLanguage":"de","@id":"https:\/\/www.buuck.net\/#\/schema\/person\/image\/","url":"https:\/\/secure.gravatar.com\/avatar\/72164952cb49b7d23f3b123abf7e379853183505e4e05b69d66c90aaeec841c1?s=96&d=mm&r=g","contentUrl":"https:\/\/secure.gravatar.com\/avatar\/72164952cb49b7d23f3b123abf7e379853183505e4e05b69d66c90aaeec841c1?s=96&d=mm&r=g","caption":"Bjoern"},"logo":{"@id":"https:\/\/www.buuck.net\/#\/schema\/person\/image\/"}}]}},"_links":{"self":[{"href":"https:\/\/www.buuck.net\/index.php?rest_route=\/wp\/v2\/pages\/17","targetHints":{"allow":["GET"]}}],"collection":[{"href":"https:\/\/www.buuck.net\/index.php?rest_route=\/wp\/v2\/pages"}],"about":[{"href":"https:\/\/www.buuck.net\/index.php?rest_route=\/wp\/v2\/types\/page"}],"author":[{"embeddable":true,"href":"https:\/\/www.buuck.net\/index.php?rest_route=\/wp\/v2\/users\/1"}],"replies":[{"embeddable":true,"href":"https:\/\/www.buuck.net\/index.php?rest_route=%2Fwp%2Fv2%2Fcomments&post=17"}],"version-history":[{"count":24,"href":"https:\/\/www.buuck.net\/index.php?rest_route=\/wp\/v2\/pages\/17\/revisions"}],"predecessor-version":[{"id":157,"href":"https:\/\/www.buuck.net\/index.php?rest_route=\/wp\/v2\/pages\/17\/revisions\/157"}],"wp:attachment":[{"href":"https:\/\/www.buuck.net\/index.php?rest_route=%2Fwp%2Fv2%2Fmedia&parent=17"}],"curies":[{"name":"wp","href":"https:\/\/api.w.org\/{rel}","templated":true}]}}